31013 (base 5) to base 6
2015154
What is -452c7 (base 13) in base 14?
-33b6a
Convert d13f (base 16) to base 5.
3203232
Convert -75bdd2 (base 15) to base 7.
-65450522
What is 4144544 (base 6) in base 15?
3e6c1
13b80b2 (base 12) to base 13
a920c5
What is -9c0a41 (base 14) in base 5?
-2324202200
179dce (base 15) to base 7
12515510
Convert -504766 (base 11) to base 16.
-c61ea
-303023320 (base 4) to base 13
-74575
Convert -1020013304 (base 5) to base 13.
-58b7b8
Convert 17283 (base 15) to base 8.
222107
What is 401309 (base 10) in base 2?
1100001111110011101
24058 (base 14) to base 10
87886
What is -a6814 (base 13) in base 16?
-49481
Convert 406bd7 (base 14) to base 9.
4066737
Convert 11525544 (base 7) to base 3.
1221102200000
110101010100001111 (base 2) to base 4
311110033
Convert -11719 (base 15) to base 10.
-55599
Convert -193745a (base 11) to base 12.
-111b189
What is 1101001001101100101 (base 2) in base 7?
3443261
-67194 (base 12) to base 9
-227544
-358e1 (base 15) to base 11
-107328
Convert 446288a (base 12) to base 6.
1144033454
What is -2cec0e (base 15) in base 11?
-1257027
Convert -2460356 (base 7) to base 12.
-133628
Convert -1c38ec (base 15) to base 5.
-323112042
What is -1111100111100000 (base 2) in base 3?
-10020202012
Convert 107587 (base 10) to base 7.
625444
-79450 (base 11) to base 4
-130010331
Convert 10000010010011000 (base 2) to base 14.
1a452
156485 (base 15) to base 2
11111100011000101111
2637584 (base 10) to base 7
31263515
-16c94 (base 15) to base 13
-27724
-11046d (base 14) to base 11
-364666
Convert -16616171 (base 9) to base 16.
-7f365d
20203111 (base 7) to base 2
110011010100101111010
What is 1076205 (base 8) in base 4?
1013302011
-210444540 (base 7) to base 2
-101111011011000100000110
Convert -75080 (base 10) to base 7.
-431615
Convert 104b60a (base 14) to base 8.
35333412
What is 2d9d4 (base 14) in base 11?
78a9a
Convert 1205555 (base 7) to base 4.
211122233
Convert -222307 (base 8) to base 3.
-10210210222
724a74 (base 11) to base 8
4337766
-9ea75 (base 15) to base 9
-850042
112120222002 (base 3) to base 4
1012013201
-488036 (base 9) to base 14
-794b3
What is 2102322222 (base 4) in base 7?
5054301
Convert 135374 (base 16) to base 2.
100110101001101110100
Convert 10020112101212 (base 3) to base 5.
420113140
1441331013 (base 5) to base 11
21a3467
Convert 15925 (base 12) to base 6.
354045
1021221112 (base 3) to base 13
b798
What is -233222210 (base 4) in base 16?
-2faa4
-1410a8 (base 12) to base 11
-208732
What is -5791b0 (base 12) in base 3?
-2122101111020
What is -36772452 (base 8) in base 14?
-1116758
What is 2110232 (base 5) in base 10?
35067
-1213012100 (base 4) to base 2
-1100111000110010000
Convert 9723a1 (base 12) to base 8.
11071251
1f076 (base 16) to base 10
127094
-153a0 (base 13) to base 14
-10903
What is -54224500 (base 6) in base 4?
-12013331310
What is 1646188 (base 9) in base 7?
10535024
What is -1230201120 (base 4) in base 3?
-211120202010
76e876 (base 15) to base 10
5668536
-100200000210 (base 3) to base 8
-563522
23445 (base 13) to base 9
107356
-228659 (base 10) to base 2
-110111110100110011
Convert 1402857 (base 9) to base 14.
160775
aa87a (base 11) to base 14
4283d
Convert 5c4bb0 (base 15) to base 14.
830d91
Convert 527b5b (base 12) to base 9.
2400368
What is 100120100200011 (base 3) in base 7?
61136563
What is 364665 (base 7) in base 4?
100033230
Convert 51907 (base 12) to base 11.
731a0
13335062 (base 7) to base 12
4b7255
Convert 10100011011011010001 (base 2) to base 9.
1230210
Convert -37705 (base 14) to base 5.
-13321313
What is 17a709 (base 11) in base 14?
732c0
Convert 2221420 (base 5) to base 13.
1498b
What is -165876 (base 10) in base 12?
-7bbb0
Convert -4004204133 (base 5) to base 2.
-11110000100010001000001
What is 17363062 (base 8) in base 15?
551e6b
What is -47810 (base 12) in base 15?
-1d789
What is -6a5b48 (base 12) in base 10?
-1710632
What is -226c17 (base 16) in base 5?
-1034142040
What is -1e18c (base 15) in base 6?
-2034440
What is -202200211101 (base 3) in base 5?
-101014021
-236718 (base 12) to base 7
-4566335
What is 2412b (base 14) in base 15?
1b148
Convert -2488652 (base 9) to base 12.
-555a0b
What is 2ba0075 (base 12) in base 7?
135534554
What is -679123 (base 10) in base 14?
-1396cb
5a3514 (base 16) to base 8
26432424
Convert -12020102221 (base 4) to base 9.
-3018131
What is 13040 (base 16) in base 12?
390a8
Convert 456305 (base 8) to base 6.
3152433
-121301024 (base 5) to base 7
-4601452
-3012094 (base 11) to base 12
-1951849
What is -12264135 (base 8) in base 4?
-22112201131
Convert 22122020021221 (base 3) to base 12.
1654807
What is 7d54a (base 14) in base 8?
1124736
Convert -15a2391 (base 12) to base 15.
-5cb001
What is -1d2234 (base 16) in base 9?
-3530054
Convert -21401020 (base 5) to base 14.
-4b354
Convert -32323 (base 13) to base 7.
-525115
What is -45d3c (base 16) in base 12?
-119624
What is -1132334 (base 5) in base 13?
-9710
-215044243 (base 6) to base 12
-1370683
What is -14464521 (base 7) in base 11?
-860957
Convert -5465154 (base 7) to base 11.
-419710
-2212222011122 (base 3) to base 13
-4196b7
What is c1342 (base 13) in base 15?
6c57a
Convert 11100212021022 (base 3) to base 11.
1344a58
Convert -533515 (base 6) to base 16.
-aa57
-12221010210002 (base 3) to base 14
-5c09b6
What is -a5882 (base 16) in base 9?
-1243053
523a5 (base 15) to base 6
5330545
Convert -b8853 (base 12) to base 13.
-86889
Convert 754570 (base 8) to base 13.
8aaa2
Convert -2a3870 (base 12) to base 3.
-1100010220210
Convert 22221230102 (base 4) to base 5.
1203322320
What is -197718 (base 10) in base 6?
-4123210
What is -1001322403 (base 5) in base 7?
-22553542
Convert 10333302 (base 4) to base 7.
113445
What is 52070bb (base 12) in base 13?
32778b9
What is -544a3 (base 12) in base 7?
-642315
What is 5b2b5c (base 13) in base 9?
4077211
Convert -1002122221222 (base 3) to base 14.
-112b13
96664 (base 10) to base 3
11220121011
119a57 (base 16) to base 13
315123
Convert 3d11e1 (base 15) to base 2.
1011001101110010011101
What is 150188 (base 9) in base 14?
25767
Convert -1321213022 (base 4) to base 13.
-145961
-111111110011100000000 (base 2) to base 5
-1013401002
What is 2002012100121 (base 3) in base 9?
2065317
Convert -1964620 (base 12) to base 3.
-101002012100220
Convert -241553542 (base 6) to base 11.
-2642994
-101132021010 (base 4) to base 6
-242055140
What is 8e86d (base 16) in base 6?
20302421
What is -61b934 (base 12) in base 10?
-1534072
What is 37a075 (base 12) in base 13?
25a9a5
Convert -8cf6 (base 16) to base 7.
-210131
What is -1041031203 (base 5) in base 10?
-2283303
-14727017 (base 8) to base 13
-9177a5
Convert 95187 (base 11) to base 8.
416620
What is 10111010110101010011100 (base 2) in base 9?
12460887
Convert -a3d615 (base 15) to base 16.
-76e116
What is 265156 (base 8) in base 16?
16a6e
Convert 114642 (base 8) to base 5.
2224310
Convert -410918a (base 11) to base 2.
-11011101100010101100101
What is 20258a (base 12) in base 16?
7a8ba
What is 196371 (base 11) in base 16?
498bf
Convert 114125530 (base 6) to base 13.
5a7224
What is 1110100010111110010001 (base 2) in base 12?
133a901
What is 10010111011110000101 (base 2) in base 11?
39414a
5ad70d (base 14) to base 4
23313113001
What is 943b0 (base 13) in base 15?
53e5c
Convert -14cfe (base 16) to base 8.
-246376
30e65 (base 16) to base 14
52dc9
487550 (base 13) to base 6
101025005
11011110011010100011 (base 2) to base 16
de6a3
Convert 28285c (base 13) to base 7.
11206045
What is -744720 (base 13) in base 16?
-298ddc
What is -25440420 (base 7) in base 15?
-30a233
What is 1240043 (base 6) in base 3?
10102111000
Convert 2311320 (base 6) to base 10.
118272
Convert 240244044 (base 6) to base 11.
25a4409
What is -562646 (base 8) in base 7?
-1420351
-112202101220 (base 3) to base 12
-1200b0
What is -1434643 (base 8) in base 2?
-1100011100110100011
Convert -1202201210121 (base 3) to base 5.
-220031120
What is -197070 (base 12) in base 9?
-752033
What is -2664012 (base 7) in base 9?
-585670
What is 102012011022 (base 3) in base 16?
35c72
What is 376172 (base 9) in base 7?
1635353
3872c7 (base 16) to base 10
3699399
698ab1 (base 15) to base 9
10433314
What is -1010626 (base 7) in base 10?
-120364
Convert -37219 (base 14) to base 6.
-25202